{"id":74,"date":"2025-06-18T10:27:41","date_gmt":"2025-06-18T08:27:41","guid":{"rendered":"http:\/\/follabeilles.fr\/?page_id=74"},"modified":"2025-07-30T18:15:41","modified_gmt":"2025-07-30T16:15:41","slug":"traiteur","status":"publish","type":"page","link":"https:\/\/www.follabeilles.fr\/index.php\/traiteur\/","title":{"rendered":"service traiteur"},"content":{"rendered":"\n<div class=\"wp-block-cover alignfull\"><img loading=\"lazy\" decoding=\"async\" width=\"1024\" height=\"873\" class=\"wp-block-cover__image-background wp-image-151 size-large\" alt=\"\" src=\"http:\/\/follabe.cluster021.hosting.ovh.net\/wp-content\/uploads\/2025\/06\/20241005_132713-copie-1024x873.jpg\" data-object-fit=\"cover\" srcset=\"https:\/\/www.follabeilles.fr\/wp-content\/uploads\/2025\/06\/20241005_132713-copie-1024x873.jpg 1024w, https:\/\/www.follabeilles.fr\/wp-content\/uploads\/2025\/06\/20241005_132713-copie-300x256.jpg 300w, https:\/\/www.follabeilles.fr\/wp-content\/uploads\/2025\/06\/20241005_132713-copie-2000x1706.jpg 2000w\" sizes=\"auto, (max-width: 1024px) 100vw, 1024px\" \/><span aria-hidden=\"true\" class=\"wp-block-cover__background has-background-dim-0 has-background-dim\"><\/span><div class=\"wp-block-cover__inner-container has-global-padding is-layout-constrained wp-block-cover-is-layout-constrained\">\n<p class=\"has-text-align-center has-large-font-size\"><\/p>\n<\/div><\/div>\n\n\n\n<p><\/p>\n\n\n\n<p><\/p>\n\n\n\n<div style=\"height:100px\" aria-hidden=\"true\" class=\"wp-block-spacer\"><\/div>\n\n\n\n<h2 class=\"wp-block-heading has-text-align-center\">Des go\u00fbts francs <br>pour partager un moment de gourmandise<\/h2>\n\n\n\n<h3 class=\"wp-block-heading has-text-align-center\" style=\"padding-right:var(--wp--preset--spacing--x-small);padding-left:var(--wp--preset--spacing--x-small)\">Avec qui vous voulez, quand vous voulez et o\u00f9 vous voulez. <br>Repas chauds en ext\u00e9rieur, menus complets ou collations, buffets chauds ou froids. <br><\/h3>\n\n\n\n<h3 class=\"wp-block-heading has-text-align-center\">\u00c0 partir des r\u00e9coltes de notre ferme et de produits essentiellement locaux, Alain vous propose une cuisine authentique qui saura s&rsquo;adapter \u00e0 vos envies.<br><\/h3>\n\n\n\n<div style=\"height:100px\" aria-hidden=\"true\" class=\"wp-block-spacer\"><\/div>\n\n\n\n<figure class=\"wp-block-gallery has-nested-images columns-5 is-cropped wp-block-gallery-1 is-layout-flex wp-block-gallery-is-layout-flex\">\n<figure class=\"wp-block-image size-large\"><img loading=\"lazy\" decoding=\"async\" width=\"768\" height=\"1024\" data-id=\"141\" src=\"http:\/\/follabe.cluster021.hosting.ovh.net\/wp-content\/uploads\/2025\/06\/WhatsApp-Image-2025-06-11-at-14.53.20-768x1024.jpeg\" alt=\"\" class=\"wp-image-141\" srcset=\"https:\/\/www.follabeilles.fr\/wp-content\/uploads\/2025\/06\/WhatsApp-Image-2025-06-11-at-14.53.20-768x1024.jpeg 768w, https:\/\/www.follabeilles.fr\/wp-content\/uploads\/2025\/06\/WhatsApp-Image-2025-06-11-at-14.53.20-225x300.jpeg 225w, https:\/\/www.follabeilles.fr\/wp-content\/uploads\/2025\/06\/WhatsApp-Image-2025-06-11-at-14.53.20-2000x2667.jpeg 2000w, https:\/\/www.follabeilles.fr\/wp-content\/uploads\/2025\/06\/WhatsApp-Image-2025-06-11-at-14.53.20-scaled.jpeg 1920w\" sizes=\"auto, (max-width: 768px) 100vw, 768px\" \/><\/figure>\n\n\n\n<figure class=\"wp-block-image size-large\"><img loading=\"lazy\" decoding=\"async\" width=\"1024\" height=\"768\" data-id=\"142\" src=\"http:\/\/follabe.cluster021.hosting.ovh.net\/wp-content\/uploads\/2025\/06\/WhatsApp-Image-2025-06-11-at-14.53.21-1024x768.jpeg\" alt=\"\" class=\"wp-image-142\" srcset=\"https:\/\/www.follabeilles.fr\/wp-content\/uploads\/2025\/06\/WhatsApp-Image-2025-06-11-at-14.53.21-1024x768.jpeg 1024w, https:\/\/www.follabeilles.fr\/wp-content\/uploads\/2025\/06\/WhatsApp-Image-2025-06-11-at-14.53.21-300x225.jpeg 300w, https:\/\/www.follabeilles.fr\/wp-content\/uploads\/2025\/06\/WhatsApp-Image-2025-06-11-at-14.53.21-2000x1500.jpeg 2000w\" sizes=\"auto, (max-width: 1024px) 100vw, 1024px\" \/><\/figure>\n\n\n\n<figure class=\"wp-block-image size-large\"><img loading=\"lazy\" decoding=\"async\" width=\"1024\" height=\"768\" data-id=\"143\" src=\"http:\/\/follabe.cluster021.hosting.ovh.net\/wp-content\/uploads\/2025\/06\/WhatsApp-Image-2025-06-11-at-14.53.10-1024x768.jpeg\" alt=\"\" class=\"wp-image-143\" srcset=\"https:\/\/www.follabeilles.fr\/wp-content\/uploads\/2025\/06\/WhatsApp-Image-2025-06-11-at-14.53.10-1024x768.jpeg 1024w, https:\/\/www.follabeilles.fr\/wp-content\/uploads\/2025\/06\/WhatsApp-Image-2025-06-11-at-14.53.10-300x225.jpeg 300w, https:\/\/www.follabeilles.fr\/wp-content\/uploads\/2025\/06\/WhatsApp-Image-2025-06-11-at-14.53.10-2000x1500.jpeg 2000w\" sizes=\"auto, (max-width: 1024px) 100vw, 1024px\" \/><\/figure>\n\n\n\n<figure class=\"wp-block-image size-large\"><img loading=\"lazy\" decoding=\"async\" width=\"768\" height=\"1024\" data-id=\"144\" src=\"http:\/\/follabe.cluster021.hosting.ovh.net\/wp-content\/uploads\/2025\/06\/WhatsApp-Image-2025-06-11-at-14.53.09-1-768x1024.jpeg\" alt=\"\" class=\"wp-image-144\" srcset=\"https:\/\/www.follabeilles.fr\/wp-content\/uploads\/2025\/06\/WhatsApp-Image-2025-06-11-at-14.53.09-1-768x1024.jpeg 768w, https:\/\/www.follabeilles.fr\/wp-content\/uploads\/2025\/06\/WhatsApp-Image-2025-06-11-at-14.53.09-1-225x300.jpeg 225w, https:\/\/www.follabeilles.fr\/wp-content\/uploads\/2025\/06\/WhatsApp-Image-2025-06-11-at-14.53.09-1-2000x2667.jpeg 2000w, https:\/\/www.follabeilles.fr\/wp-content\/uploads\/2025\/06\/WhatsApp-Image-2025-06-11-at-14.53.09-1-scaled.jpeg 1920w\" sizes=\"auto, (max-width: 768px) 100vw, 768px\" \/><\/figure>\n\n\n\n<figure class=\"wp-block-image size-large\"><img loading=\"lazy\" decoding=\"async\" width=\"768\" height=\"1024\" data-id=\"145\" src=\"http:\/\/follabe.cluster021.hosting.ovh.net\/wp-content\/uploads\/2025\/06\/WhatsApp-Image-2025-06-11-at-14.53.09-768x1024.jpeg\" alt=\"\" class=\"wp-image-145\" srcset=\"https:\/\/www.follabeilles.fr\/wp-content\/uploads\/2025\/06\/WhatsApp-Image-2025-06-11-at-14.53.09-768x1024.jpeg 768w, https:\/\/www.follabeilles.fr\/wp-content\/uploads\/2025\/06\/WhatsApp-Image-2025-06-11-at-14.53.09-225x300.jpeg 225w, https:\/\/www.follabeilles.fr\/wp-content\/uploads\/2025\/06\/WhatsApp-Image-2025-06-11-at-14.53.09-2000x2667.jpeg 2000w, https:\/\/www.follabeilles.fr\/wp-content\/uploads\/2025\/06\/WhatsApp-Image-2025-06-11-at-14.53.09-scaled.jpeg 1920w\" sizes=\"auto, (max-width: 768px) 100vw, 768px\" \/><\/figure>\n\n\n\n<figure class=\"wp-block-image size-large\"><img loading=\"lazy\" decoding=\"async\" width=\"768\" height=\"1024\" data-id=\"146\" src=\"http:\/\/follabe.cluster021.hosting.ovh.net\/wp-content\/uploads\/2025\/06\/WhatsApp-Image-2025-06-11-at-14.53.02-1-768x1024.jpeg\" alt=\"\" class=\"wp-image-146\" srcset=\"https:\/\/www.follabeilles.fr\/wp-content\/uploads\/2025\/06\/WhatsApp-Image-2025-06-11-at-14.53.02-1-768x1024.jpeg 768w, https:\/\/www.follabeilles.fr\/wp-content\/uploads\/2025\/06\/WhatsApp-Image-2025-06-11-at-14.53.02-1-225x300.jpeg 225w, https:\/\/www.follabeilles.fr\/wp-content\/uploads\/2025\/06\/WhatsApp-Image-2025-06-11-at-14.53.02-1-2000x2667.jpeg 2000w, https:\/\/www.follabeilles.fr\/wp-content\/uploads\/2025\/06\/WhatsApp-Image-2025-06-11-at-14.53.02-1-scaled.jpeg 1920w\" sizes=\"auto, (max-width: 768px) 100vw, 768px\" \/><\/figure>\n\n\n\n<figure class=\"wp-block-image size-large\"><img loading=\"lazy\" decoding=\"async\" width=\"768\" height=\"1024\" data-id=\"147\" src=\"http:\/\/follabe.cluster021.hosting.ovh.net\/wp-content\/uploads\/2025\/06\/WhatsApp-Image-2025-06-11-at-14.44.54-1-768x1024.jpeg\" alt=\"\" class=\"wp-image-147\" srcset=\"https:\/\/www.follabeilles.fr\/wp-content\/uploads\/2025\/06\/WhatsApp-Image-2025-06-11-at-14.44.54-1-768x1024.jpeg 768w, https:\/\/www.follabeilles.fr\/wp-content\/uploads\/2025\/06\/WhatsApp-Image-2025-06-11-at-14.44.54-1-225x300.jpeg 225w, https:\/\/www.follabeilles.fr\/wp-content\/uploads\/2025\/06\/WhatsApp-Image-2025-06-11-at-14.44.54-1-2000x2667.jpeg 2000w, https:\/\/www.follabeilles.fr\/wp-content\/uploads\/2025\/06\/WhatsApp-Image-2025-06-11-at-14.44.54-1-scaled.jpeg 1920w\" sizes=\"auto, (max-width: 768px) 100vw, 768px\" \/><\/figure>\n\n\n\n<figure class=\"wp-block-image size-large\"><img loading=\"lazy\" decoding=\"async\" width=\"768\" height=\"1024\" data-id=\"148\" src=\"http:\/\/follabe.cluster021.hosting.ovh.net\/wp-content\/uploads\/2025\/06\/WhatsApp-Image-2025-06-11-at-14.44.54-768x1024.jpeg\" alt=\"\" class=\"wp-image-148\" srcset=\"https:\/\/www.follabeilles.fr\/wp-content\/uploads\/2025\/06\/WhatsApp-Image-2025-06-11-at-14.44.54-768x1024.jpeg 768w, https:\/\/www.follabeilles.fr\/wp-content\/uploads\/2025\/06\/WhatsApp-Image-2025-06-11-at-14.44.54-225x300.jpeg 225w, https:\/\/www.follabeilles.fr\/wp-content\/uploads\/2025\/06\/WhatsApp-Image-2025-06-11-at-14.44.54.jpeg 1512w\" sizes=\"auto, (max-width: 768px) 100vw, 768px\" \/><\/figure>\n\n\n\n<figure class=\"wp-block-image size-large\"><img loading=\"lazy\" decoding=\"async\" width=\"768\" height=\"1024\" data-id=\"149\" src=\"http:\/\/follabe.cluster021.hosting.ovh.net\/wp-content\/uploads\/2025\/06\/WhatsApp-Image-2025-06-11-at-14.44.53-1-768x1024.jpeg\" alt=\"\" class=\"wp-image-149\" srcset=\"https:\/\/www.follabeilles.fr\/wp-content\/uploads\/2025\/06\/WhatsApp-Image-2025-06-11-at-14.44.53-1-768x1024.jpeg 768w, https:\/\/www.follabeilles.fr\/wp-content\/uploads\/2025\/06\/WhatsApp-Image-2025-06-11-at-14.44.53-1-225x300.jpeg 225w, https:\/\/www.follabeilles.fr\/wp-content\/uploads\/2025\/06\/WhatsApp-Image-2025-06-11-at-14.44.53-1-2000x2667.jpeg 2000w, https:\/\/www.follabeilles.fr\/wp-content\/uploads\/2025\/06\/WhatsApp-Image-2025-06-11-at-14.44.53-1-scaled.jpeg 1920w\" sizes=\"auto, (max-width: 768px) 100vw, 768px\" \/><\/figure>\n\n\n\n<figure class=\"wp-block-image size-large\"><img loading=\"lazy\" decoding=\"async\" width=\"1024\" height=\"768\" data-id=\"150\" src=\"http:\/\/follabe.cluster021.hosting.ovh.net\/wp-content\/uploads\/2025\/06\/WhatsApp-Image-2025-06-11-at-14.44.53-2-1024x768.jpeg\" alt=\"\" class=\"wp-image-150\" srcset=\"https:\/\/www.follabeilles.fr\/wp-content\/uploads\/2025\/06\/WhatsApp-Image-2025-06-11-at-14.44.53-2-1024x768.jpeg 1024w, https:\/\/www.follabeilles.fr\/wp-content\/uploads\/2025\/06\/WhatsApp-Image-2025-06-11-at-14.44.53-2-300x225.jpeg 300w, https:\/\/www.follabeilles.fr\/wp-content\/uploads\/2025\/06\/WhatsApp-Image-2025-06-11-at-14.44.53-2-2000x1500.jpeg 2000w\" sizes=\"auto, (max-width: 1024px) 100vw, 1024px\" \/><\/figure>\n<\/figure>\n\n\n\n<div style=\"height:126px\" aria-hidden=\"true\" class=\"wp-block-spacer\"><\/div>\n\n\n\n<figure class=\"wp-block-image alignwide size-large\"><img loading=\"lazy\" decoding=\"async\" width=\"1024\" height=\"768\" src=\"http:\/\/follabe.cluster021.hosting.ovh.net\/wp-content\/uploads\/2025\/06\/20241005_122726-1024x768.jpg\" alt=\"\" class=\"wp-image-140\" srcset=\"https:\/\/www.follabeilles.fr\/wp-content\/uploads\/2025\/06\/20241005_122726-1024x768.jpg 1024w, https:\/\/www.follabeilles.fr\/wp-content\/uploads\/2025\/06\/20241005_122726-300x225.jpg 300w, https:\/\/www.follabeilles.fr\/wp-content\/uploads\/2025\/06\/20241005_122726-2000x1500.jpg 2000w\" sizes=\"auto, (max-width: 1024px) 100vw, 1024px\" \/><\/figure>\n\n\n\n<div style=\"height:126px\" aria-hidden=\"true\" class=\"wp-block-spacer\"><\/div>\n\n\n\n<h2 class=\"wp-block-heading has-text-align-center\">Voici quelques exemples de menus r\u00e9alis\u00e9s<\/h2>\n\n\n\n<div class=\"wp-block-columns is-layout-flex wp-container-core-columns-is-layout-28f84493 wp-block-columns-is-layout-flex\">\n<div class=\"wp-block-column is-layout-flow wp-block-column-is-layout-flow\">\n<p class=\"has-text-align-center\">entr\u00e9e<br><strong>Tarte tomate basilic, salade verte<\/strong><\/p>\n\n\n\n<p class=\"has-text-align-center\">plat<br><strong>Blanquette de veau <\/strong><br><strong>\u00e0 l&rsquo;ancienne<\/strong>, <strong>riz <\/strong><\/p>\n\n\n\n<p class=\"has-text-align-center\">dessert<br><strong>Tarte tatin<\/strong><\/p>\n\n\n\n<p class=\"has-text-align-center\">*<\/p>\n\n\n\n<p class=\"has-text-align-center\"><em>repas r\u00e9alis\u00e9 en mai 2024 <br>pour 70 personnes<\/em><\/p>\n<\/div>\n\n\n\n<div class=\"wp-block-column is-layout-flow wp-block-column-is-layout-flow\">\n<p class=\"has-text-align-center\">entr\u00e9e<br><strong>Feuillet\u00e9 de ch\u00e8vre <\/strong><br><strong>du pays, salade verte<\/strong><\/p>\n\n\n\n<p class=\"has-text-align-center\">plat<br><strong>Effiloch\u00e9 de porc <\/strong><br><strong>fa\u00e7on mexicaine<\/strong>, <strong>\u00e9cras\u00e9 <\/strong><br><strong>de pommes de terre <\/strong><\/p>\n\n\n\n<p class=\"has-text-align-center\">dessert<br><strong>Vacherin framboise<\/strong><\/p>\n\n\n\n<p class=\"has-text-align-center\">*<\/p>\n\n\n\n<p class=\"has-text-align-center\"><em>repas r\u00e9alis\u00e9 en mai 2024 <br>pour 45 personnes<\/em><\/p>\n<\/div>\n\n\n\n<div class=\"wp-block-column is-layout-flow wp-block-column-is-layout-flow\">\n<p class=\"has-text-align-center\">exemple de buffet froid<\/p>\n\n\n\n<p class=\"has-text-align-center\"><strong>Salade verte, salade de p\u00e2tes, crudit\u00e9s<br>avec sauce houmous, sauce au yaourt<br><br>Tarte tomate basilic, tarte poireaux et poitrine fum\u00e9e,<br>quiche lorraine,<br>flan de l\u00e9gumes, tarte oignons et anchois<br><br>Caillette aux herbes,<br>r\u00f4ti de porc<\/strong><\/p>\n\n\n\n<p class=\"has-text-align-center\">*<\/p>\n\n\n\n<p class=\"has-text-align-center\"><em>buffet r\u00e9alis\u00e9 en mars 2023 <br>pour 150 personnes<\/em><\/p>\n<\/div>\n\n\n\n<div class=\"wp-block-column is-layout-flow wp-block-column-is-layout-flow\">\n<p class=\"has-text-align-center\">exemple de menu v\u00e9g\u00e9tarien<\/p>\n\n\n\n<p class=\"has-text-align-center\"><strong>Salade de lentilles <\/strong><\/p>\n\n\n\n<p class=\"has-text-align-center\"><strong>Lasagnes v\u00e9g\u00e9tariennes<\/strong><\/p>\n\n\n\n<p class=\"has-text-align-center\"><strong>Moelleux ch\u00e2taigne<\/strong><\/p>\n\n\n\n<p class=\"has-text-align-center\">*<\/p>\n\n\n\n<p class=\"has-text-align-center\"><em><em>repas r\u00e9alis\u00e9 en juin 2025 <br>pour 20 personnes<\/em><\/em><\/p>\n<\/div>\n<\/div>\n\n\n\n<div style=\"height:138px\" aria-hidden=\"true\" class=\"wp-block-spacer\"><\/div>\n\n\n\n<div style=\"height:0px\" aria-hidden=\"true\" class=\"wp-block-spacer\"><\/div>\n\n\n\n<h2 class=\"wp-block-heading has-text-align-center\">Contacter-nous <br>pour toutes questions ou r\u00e9servations.<\/h2>\n\n\n\n<div class=\"wp-block-buttons is-content-justification-center is-layout-flex wp-container-core-buttons-is-layout-a89b3969 wp-block-buttons-is-layout-flex\">\n<div class=\"wp-block-button is-style-fill\"><a class=\"wp-block-button__link wp-element-button\" href=\"mailto:traiteurencevennes@gmail.com\" style=\"border-width:2px;border-radius:15px\">envoyer un mail : traiteurencevennes@gmail.com<\/a><\/div>\n<\/div>\n\n\n\n<div style=\"height:33px\" aria-hidden=\"true\" class=\"wp-block-spacer\"><\/div>\n\n\n\n<div class=\"wp-block-buttons is-content-justification-center is-layout-flex wp-container-core-buttons-is-layout-a89b3969 wp-block-buttons-is-layout-flex\">\n<div class=\"wp-block-button is-style-fill\"><a class=\"wp-block-button__link wp-element-button\" href=\"tel:0612166098\" style=\"border-width:2px;border-radius:15px\">Contacter-nous par t\u00e9l\u00e9phone : 06 12 16 60 98<\/a><\/div>\n<\/div>\n\n\n\n<div style=\"height:437px\" aria-hidden=\"true\" class=\"wp-block-spacer\"><\/div>\n","protected":false},"excerpt":{"rendered":"<p>Des go\u00fbts francs pour partager un moment de gourmandise Avec qui vous voulez, quand vous voulez et o\u00f9 vous voulez. Repas chauds en ext\u00e9rieur, menus complets ou collations, buffets chauds ou froids. \u00c0 partir des r\u00e9coltes de notre ferme et de produits essentiellement locaux, Alain vous propose une cuisine authentique qui saura s&rsquo;adapter \u00e0 vos &hellip; <\/p>\n<p class=\"link-more\"><a href=\"https:\/\/www.follabeilles.fr\/index.php\/traiteur\/\" class=\"more-link\">Lire la suite de<span class=\"screen-reader-text\">\u00ab\u00a0service traiteur\u00a0\u00bb<\/span><\/a><\/p>\n","protected":false},"author":1,"featured_media":0,"parent":0,"menu_order":0,"comment_status":"closed","ping_status":"closed","template":"page-templates\/no-title.php","meta":{"footnotes":""},"class_list":["post-74","page","type-page","status-publish","hentry"],"_links":{"self":[{"href":"https:\/\/www.follabeilles.fr\/index.php\/wp-json\/wp\/v2\/pages\/74","targetHints":{"allow":["GET"]}}],"collection":[{"href":"https:\/\/www.follabeilles.fr\/index.php\/wp-json\/wp\/v2\/pages"}],"about":[{"href":"https:\/\/www.follabeilles.fr\/index.php\/wp-json\/wp\/v2\/types\/page"}],"author":[{"embeddable":true,"href":"https:\/\/www.follabeilles.fr\/index.php\/wp-json\/wp\/v2\/users\/1"}],"replies":[{"embeddable":true,"href":"https:\/\/www.follabeilles.fr\/index.php\/wp-json\/wp\/v2\/comments?post=74"}],"version-history":[{"count":21,"href":"https:\/\/www.follabeilles.fr\/index.php\/wp-json\/wp\/v2\/pages\/74\/revisions"}],"predecessor-version":[{"id":228,"href":"https:\/\/www.follabeilles.fr\/index.php\/wp-json\/wp\/v2\/pages\/74\/revisions\/228"}],"wp:attachment":[{"href":"https:\/\/www.follabeilles.fr\/index.php\/wp-json\/wp\/v2\/media?parent=74"}],"curies":[{"name":"wp","href":"https:\/\/api.w.org\/{rel}","templated":true}]}}