{"id":70,"date":"2025-06-18T10:25:08","date_gmt":"2025-06-18T08:25:08","guid":{"rendered":"http:\/\/follabeilles.fr\/?page_id=70"},"modified":"2025-07-30T17:39:53","modified_gmt":"2025-07-30T15:39:53","slug":"miels-etgourmandises","status":"publish","type":"page","link":"https:\/\/www.follabeilles.fr\/index.php\/miels-etgourmandises\/","title":{"rendered":"miels et gourmandises"},"content":{"rendered":"\n<div class=\"wp-block-cover alignfull\"><img loading=\"lazy\" decoding=\"async\" width=\"1024\" height=\"768\" class=\"wp-block-cover__image-background wp-image-33 size-large\" alt=\"\" src=\"http:\/\/follabe.cluster021.hosting.ovh.net\/wp-content\/uploads\/2025\/06\/20200414_185459-1024x768.jpg\" data-object-fit=\"cover\" srcset=\"https:\/\/www.follabeilles.fr\/wp-content\/uploads\/2025\/06\/20200414_185459-1024x768.jpg 1024w, https:\/\/www.follabeilles.fr\/wp-content\/uploads\/2025\/06\/20200414_185459-300x225.jpg 300w, https:\/\/www.follabeilles.fr\/wp-content\/uploads\/2025\/06\/20200414_185459-2000x1500.jpg 2000w\" sizes=\"auto, (max-width: 1024px) 100vw, 1024px\" \/><span aria-hidden=\"true\" class=\"wp-block-cover__background has-background-dim-0 has-background-dim\"><\/span><div class=\"wp-block-cover__inner-container has-global-padding is-layout-constrained wp-block-cover-is-layout-constrained\">\n<p class=\"has-text-align-center has-large-font-size\"><\/p>\n<\/div><\/div>\n\n\n\n<div style=\"height:61px\" aria-hidden=\"true\" class=\"wp-block-spacer\"><\/div>\n\n\n\n<h1 class=\"wp-block-heading has-text-align-center\">Des miels vari\u00e9s fabriqu\u00e9s par nos abeilles, <br>r\u00e9colt\u00e9s et transform\u00e9s par nos soins !<\/h1>\n\n\n\n<h2 class=\"wp-block-heading has-text-align-center\">MIELS, POLLEN, PROPOLIS, CIRE, PAIN D&rsquo;\u00c9PICES, NOUGATS, BISCUITS, CH\u00c2TAIGNES, FRAISES <\/h2>\n\n\n\n<h2 class=\"wp-block-heading has-text-align-center\"><\/h2>\n\n\n\n<p class=\"has-text-align-center\">N&rsquo;h\u00e9sitez pas \u00e0 venir nous rencontrer \u00e0 la miellerie, sur rendez-vous. <\/p>\n\n\n\n<div style=\"height:100px\" aria-hidden=\"true\" class=\"wp-block-spacer\"><\/div>\n\n\n\n<figure class=\"wp-block-gallery has-nested-images columns-4 is-cropped wp-block-gallery-1 is-layout-flex wp-block-gallery-is-layout-flex\">\n<figure class=\"wp-block-image size-large\"><img loading=\"lazy\" decoding=\"async\" width=\"800\" height=\"800\" data-id=\"83\" src=\"http:\/\/follabe.cluster021.hosting.ovh.net\/wp-content\/uploads\/2025\/06\/02Follabeilles_miel-h.jpg\" alt=\"\" class=\"wp-image-83\" srcset=\"https:\/\/www.follabeilles.fr\/wp-content\/uploads\/2025\/06\/02Follabeilles_miel-h.jpg 800w, https:\/\/www.follabeilles.fr\/wp-content\/uploads\/2025\/06\/02Follabeilles_miel-h-300x300.jpg 300w, https:\/\/www.follabeilles.fr\/wp-content\/uploads\/2025\/06\/02Follabeilles_miel-h-150x150.jpg 150w\" sizes=\"auto, (max-width: 800px) 100vw, 800px\" \/><\/figure>\n\n\n\n<figure class=\"wp-block-image size-large\"><img loading=\"lazy\" decoding=\"async\" width=\"800\" height=\"800\" data-id=\"84\" src=\"http:\/\/follabe.cluster021.hosting.ovh.net\/wp-content\/uploads\/2025\/06\/02Follabeilles_miel-g.gif\" alt=\"\" class=\"wp-image-84\"\/><\/figure>\n\n\n\n<figure class=\"wp-block-image size-large\"><img loading=\"lazy\" decoding=\"async\" width=\"800\" height=\"800\" data-id=\"85\" src=\"http:\/\/follabe.cluster021.hosting.ovh.net\/wp-content\/uploads\/2025\/06\/02Follabeilles_miel-f.jpg\" alt=\"\" class=\"wp-image-85\" srcset=\"https:\/\/www.follabeilles.fr\/wp-content\/uploads\/2025\/06\/02Follabeilles_miel-f.jpg 800w, https:\/\/www.follabeilles.fr\/wp-content\/uploads\/2025\/06\/02Follabeilles_miel-f-300x300.jpg 300w, https:\/\/www.follabeilles.fr\/wp-content\/uploads\/2025\/06\/02Follabeilles_miel-f-150x150.jpg 150w\" sizes=\"auto, (max-width: 800px) 100vw, 800px\" \/><\/figure>\n\n\n\n<figure class=\"wp-block-image size-large\"><img loading=\"lazy\" decoding=\"async\" width=\"800\" height=\"800\" data-id=\"86\" src=\"http:\/\/follabe.cluster021.hosting.ovh.net\/wp-content\/uploads\/2025\/06\/02Follabeilles_miel-e.jpg\" alt=\"\" class=\"wp-image-86\" srcset=\"https:\/\/www.follabeilles.fr\/wp-content\/uploads\/2025\/06\/02Follabeilles_miel-e.jpg 800w, https:\/\/www.follabeilles.fr\/wp-content\/uploads\/2025\/06\/02Follabeilles_miel-e-300x300.jpg 300w, https:\/\/www.follabeilles.fr\/wp-content\/uploads\/2025\/06\/02Follabeilles_miel-e-150x150.jpg 150w\" sizes=\"auto, (max-width: 800px) 100vw, 800px\" \/><\/figure>\n\n\n\n<figure class=\"wp-block-image size-large\"><img loading=\"lazy\" decoding=\"async\" width=\"800\" height=\"800\" data-id=\"87\" src=\"http:\/\/follabe.cluster021.hosting.ovh.net\/wp-content\/uploads\/2025\/06\/02Follabeilles_miel-d.jpg\" alt=\"\" class=\"wp-image-87\" srcset=\"https:\/\/www.follabeilles.fr\/wp-content\/uploads\/2025\/06\/02Follabeilles_miel-d.jpg 800w, https:\/\/www.follabeilles.fr\/wp-content\/uploads\/2025\/06\/02Follabeilles_miel-d-300x300.jpg 300w, https:\/\/www.follabeilles.fr\/wp-content\/uploads\/2025\/06\/02Follabeilles_miel-d-150x150.jpg 150w\" sizes=\"auto, (max-width: 800px) 100vw, 800px\" \/><\/figure>\n\n\n\n<figure class=\"wp-block-image size-large\"><img loading=\"lazy\" decoding=\"async\" width=\"800\" height=\"800\" data-id=\"88\" src=\"http:\/\/follabe.cluster021.hosting.ovh.net\/wp-content\/uploads\/2025\/06\/02Follabeilles_miel-c.jpg\" alt=\"\" class=\"wp-image-88\" srcset=\"https:\/\/www.follabeilles.fr\/wp-content\/uploads\/2025\/06\/02Follabeilles_miel-c.jpg 800w, https:\/\/www.follabeilles.fr\/wp-content\/uploads\/2025\/06\/02Follabeilles_miel-c-300x300.jpg 300w, https:\/\/www.follabeilles.fr\/wp-content\/uploads\/2025\/06\/02Follabeilles_miel-c-150x150.jpg 150w\" sizes=\"auto, (max-width: 800px) 100vw, 800px\" \/><\/figure>\n\n\n\n<figure class=\"wp-block-image size-large\"><img loading=\"lazy\" decoding=\"async\" width=\"800\" height=\"800\" data-id=\"89\" src=\"http:\/\/follabe.cluster021.hosting.ovh.net\/wp-content\/uploads\/2025\/06\/02Follabeilles_miel-b.jpg\" alt=\"\" class=\"wp-image-89\" srcset=\"https:\/\/www.follabeilles.fr\/wp-content\/uploads\/2025\/06\/02Follabeilles_miel-b.jpg 800w, https:\/\/www.follabeilles.fr\/wp-content\/uploads\/2025\/06\/02Follabeilles_miel-b-300x300.jpg 300w, https:\/\/www.follabeilles.fr\/wp-content\/uploads\/2025\/06\/02Follabeilles_miel-b-150x150.jpg 150w\" sizes=\"auto, (max-width: 800px) 100vw, 800px\" \/><\/figure>\n\n\n\n<figure class=\"wp-block-image size-large\"><img loading=\"lazy\" decoding=\"async\" width=\"800\" height=\"800\" data-id=\"90\" src=\"http:\/\/follabe.cluster021.hosting.ovh.net\/wp-content\/uploads\/2025\/06\/02Follabeilles_miel-a.jpg\" alt=\"\" class=\"wp-image-90\" srcset=\"https:\/\/www.follabeilles.fr\/wp-content\/uploads\/2025\/06\/02Follabeilles_miel-a.jpg 800w, https:\/\/www.follabeilles.fr\/wp-content\/uploads\/2025\/06\/02Follabeilles_miel-a-300x300.jpg 300w, https:\/\/www.follabeilles.fr\/wp-content\/uploads\/2025\/06\/02Follabeilles_miel-a-150x150.jpg 150w\" sizes=\"auto, (max-width: 800px) 100vw, 800px\" \/><\/figure>\n<\/figure>\n\n\n\n<div style=\"height:135px\" aria-hidden=\"true\" class=\"wp-block-spacer\"><\/div>\n\n\n\n<h2 class=\"wp-block-heading\">\u2014 o\u00f9 trouver nos produits<\/h2>\n\n\n\n<div class=\"wp-block-columns is-layout-flex wp-container-core-columns-is-layout-28f84493 wp-block-columns-is-layout-flex\">\n<div class=\"wp-block-column is-layout-flow wp-block-column-is-layout-flow\">\n<p class=\"has-text-align-center\">\u2022 <strong>Gourmandises et&nbsp;Compagnie <\/strong><br>ANDUZE <\/p>\n\n\n\n<div class=\"wp-block-buttons has-custom-font-size has-x-small-font-size is-content-justification-center is-layout-flex wp-container-core-buttons-is-layout-a89b3969 wp-block-buttons-is-layout-flex\">\n<div class=\"wp-block-button is-style-outline is-style-outline--2\"><a class=\"wp-block-button__link has-x-small-font-size has-custom-font-size wp-element-button\" href=\"https:\/\/maps.app.goo.gl\/17cdjroLXYmGgFXc6\" style=\"border-width:1px;border-radius:10px\" target=\"_blank\" rel=\"noreferrer noopener\"><strong>adresse<\/strong><\/a><\/div>\n<\/div>\n<\/div>\n\n\n\n<div class=\"wp-block-column is-layout-flow wp-block-column-is-layout-flow\">\n<p class=\"has-text-align-center\">\u2022 <strong>Au Bec Fin des C\u00e9vennes <\/strong><br>SUM\u00c8NE<\/p>\n\n\n\n<div class=\"wp-block-buttons has-custom-font-size has-x-small-font-size is-content-justification-center is-layout-flex wp-container-core-buttons-is-layout-a89b3969 wp-block-buttons-is-layout-flex\">\n<div class=\"wp-block-button is-style-outline is-style-outline--3\"><a class=\"wp-block-button__link has-x-small-font-size has-custom-font-size wp-element-button\" href=\"https:\/\/maps.app.goo.gl\/XSKXbt9Hui9DwLac8\" style=\"border-width:1px;border-radius:10px\" target=\"_blank\" rel=\"noreferrer noopener\"><strong>adresse<\/strong><\/a><\/div>\n<\/div>\n<\/div>\n\n\n\n<div class=\"wp-block-column is-layout-flow wp-block-column-is-layout-flow\">\n<p class=\"has-text-align-center\">\u2022 <strong>La Terrasse du Cadereau <\/strong><br>N\u00ceMES<\/p>\n\n\n\n<div class=\"wp-block-buttons has-custom-font-size has-x-small-font-size is-content-justification-center is-layout-flex wp-container-core-buttons-is-layout-a89b3969 wp-block-buttons-is-layout-flex\">\n<div class=\"wp-block-button is-style-outline is-style-outline--4\"><a class=\"wp-block-button__link has-x-small-font-size has-custom-font-size wp-element-button\" href=\"https:\/\/maps.app.goo.gl\/25bSdkmSp2THCoNbA\" style=\"border-width:1px;border-radius:10px\" target=\"_blank\" rel=\"noreferrer noopener\"><strong>adresse<\/strong><\/a><\/div>\n<\/div>\n<\/div>\n\n\n\n<div class=\"wp-block-column is-layout-flow wp-block-column-is-layout-flow\">\n<p class=\"has-text-align-center\">\u2022 <strong>Le Comptoir C\u00e9venol<\/strong> <br>MONTPELLIER <\/p>\n\n\n\n<div class=\"wp-block-buttons has-custom-font-size has-x-small-font-size is-content-justification-center is-layout-flex wp-container-core-buttons-is-layout-a89b3969 wp-block-buttons-is-layout-flex\">\n<div class=\"wp-block-button is-style-outline is-style-outline--5\"><a class=\"wp-block-button__link has-x-small-font-size has-custom-font-size wp-element-button\" href=\"https:\/\/maps.app.goo.gl\/ddmxoWMYjHcpLcFj7\" style=\"border-width:1px;border-radius:10px\" target=\"_blank\" rel=\"noreferrer noopener\"><strong>adresse<\/strong><\/a><\/div>\n<\/div>\n<\/div>\n\n\n\n<div class=\"wp-block-column is-layout-flow wp-block-column-is-layout-flow\">\n<p class=\"has-text-align-center\">\u2022 <strong>L\u2019Epicerie <\/strong><br>SAINT ANDR\u00c9 DE VALBORGNE<\/p>\n\n\n\n<div class=\"wp-block-buttons has-custom-font-size has-x-small-font-size is-content-justification-center is-layout-flex wp-container-core-buttons-is-layout-a89b3969 wp-block-buttons-is-layout-flex\">\n<div class=\"wp-block-button is-style-outline is-style-outline--6\"><a class=\"wp-block-button__link has-x-small-font-size has-custom-font-size wp-element-button\" href=\"https:\/\/maps.app.goo.gl\/Zz46RVXDSBuWsA1R7\" style=\"border-width:1px;border-radius:10px\" target=\"_blank\" rel=\"noreferrer noopener\"><strong>adresse<\/strong><\/a><\/div>\n<\/div>\n<\/div>\n\n\n\n<div class=\"wp-block-column is-layout-flow wp-block-column-is-layout-flow\">\n<p class=\"has-text-align-center\">\u2022 <strong>Chez Brigitte <\/strong><br>SAINT LAURENT D&rsquo;AIGOUZE<\/p>\n\n\n\n<div class=\"wp-block-buttons has-custom-font-size has-x-small-font-size is-content-justification-center is-layout-flex wp-container-core-buttons-is-layout-a89b3969 wp-block-buttons-is-layout-flex\">\n<div class=\"wp-block-button is-style-outline is-style-outline--7\"><a class=\"wp-block-button__link has-x-small-font-size has-custom-font-size wp-element-button\" href=\"https:\/\/maps.app.goo.gl\/VsoXxAjQRUwaR7wP7\" style=\"border-width:1px;border-radius:10px\" target=\"_blank\" rel=\"noreferrer noopener\"><strong>adresse<\/strong><\/a><\/div>\n<\/div>\n<\/div>\n<\/div>\n\n\n\n<div style=\"height:80px\" aria-hidden=\"true\" class=\"wp-block-spacer\"><\/div>\n\n\n\n<h2 class=\"wp-block-heading\">\u2014 o\u00f9 nous rencontrer&nbsp;<\/h2>\n\n\n\n<div class=\"wp-block-columns is-layout-flex wp-container-core-columns-is-layout-b6857b65 wp-block-columns-is-layout-flex\" style=\"padding-right:0;padding-left:0\">\n<div class=\"wp-block-column is-layout-flow wp-block-column-is-layout-flow\">\n<p><strong>* AVRIL<\/strong><br>F\u00eate de Printemps &#8211; St Jean du Gard <br>March\u00e9 des Cr\u00e9ateurs &#8211; Anduze<\/p>\n\n\n\n<p><br><strong>* MAI<\/strong><br>Printemps de Bassurels<br><\/p>\n\n\n\n<p><\/p>\n<\/div>\n\n\n\n<div class=\"wp-block-column is-layout-flow wp-block-column-is-layout-flow\">\n<p><strong>* JUIN<\/strong><br>F\u00eate de la Transhumance &#8211; L\u2019Esperou <br>Foire Sucr\u00e9 Sal\u00e9 &#8211; Anduze<\/p>\n\n\n\n<p><strong>* JUILLET<\/strong><br>F\u00eate de la Tripe &#8211; St Andr\u00e9 de Valborgne<\/p>\n\n\n\n<p><strong>* AOUT<\/strong><br>F\u00eate du Coq &#8211; St Andr\u00e9 de Valborgne<\/p>\n\n\n\n<p><\/p>\n\n\n\n<p><\/p>\n\n\n\n<p><\/p>\n<\/div>\n\n\n\n<div class=\"wp-block-column is-layout-flow wp-block-column-is-layout-flow\">\n<p><strong>* SEPTEMBRE<\/strong><br>F\u00eate de l\u2019Oignon &#8211; St Andr\u00e9 de Valborgne Foire de la St Michel &#8211; Meyrueis <\/p>\n\n\n\n<p>* <strong>OCTOBRE<\/strong><br>F\u00eate de la Soupe &#8211; Anduze<br>Foire de la Pomme et de l\u2019Oignon &#8211; Le Vigan<\/p>\n\n\n\n<p><strong>* NOVEMBRE<\/strong><br>F\u00eate de la Ch\u00e2taigne &#8211; Lasalle<\/p>\n\n\n\n<p><strong>* DECEMBRE<\/strong><br>March\u00e9 de No\u00ebl &#8211; Anduze<\/p>\n<\/div>\n<\/div>\n\n\n\n<div style=\"height:203px\" aria-hidden=\"true\" class=\"wp-block-spacer\"><\/div>\n\n\n\n<p><\/p>\n","protected":false},"excerpt":{"rendered":"<p>Des miels vari\u00e9s fabriqu\u00e9s par nos abeilles, r\u00e9colt\u00e9s et transform\u00e9s par nos soins ! MIELS, POLLEN, PROPOLIS, CIRE, PAIN D&rsquo;\u00c9PICES, NOUGATS, BISCUITS, CH\u00c2TAIGNES, FRAISES N&rsquo;h\u00e9sitez pas \u00e0 venir nous rencontrer \u00e0 la miellerie, sur rendez-vous. \u2014 o\u00f9 trouver nos produits \u2022 Gourmandises et&nbsp;Compagnie ANDUZE \u2022 Au Bec Fin des C\u00e9vennes SUM\u00c8NE \u2022 La Terrasse du &hellip; <\/p>\n<p class=\"link-more\"><a href=\"https:\/\/www.follabeilles.fr\/index.php\/miels-etgourmandises\/\" class=\"more-link\">Lire la suite de<span class=\"screen-reader-text\">\u00ab\u00a0miels et gourmandises\u00a0\u00bb<\/span><\/a><\/p>\n","protected":false},"author":1,"featured_media":0,"parent":0,"menu_order":0,"comment_status":"closed","ping_status":"closed","template":"page-templates\/no-title.php","meta":{"footnotes":""},"class_list":["post-70","page","type-page","status-publish","hentry"],"_links":{"self":[{"href":"https:\/\/www.follabeilles.fr\/index.php\/wp-json\/wp\/v2\/pages\/70","targetHints":{"allow":["GET"]}}],"collection":[{"href":"https:\/\/www.follabeilles.fr\/index.php\/wp-json\/wp\/v2\/pages"}],"about":[{"href":"https:\/\/www.follabeilles.fr\/index.php\/wp-json\/wp\/v2\/types\/page"}],"author":[{"embeddable":true,"href":"https:\/\/www.follabeilles.fr\/index.php\/wp-json\/wp\/v2\/users\/1"}],"replies":[{"embeddable":true,"href":"https:\/\/www.follabeilles.fr\/index.php\/wp-json\/wp\/v2\/comments?post=70"}],"version-history":[{"count":27,"href":"https:\/\/www.follabeilles.fr\/index.php\/wp-json\/wp\/v2\/pages\/70\/revisions"}],"predecessor-version":[{"id":214,"href":"https:\/\/www.follabeilles.fr\/index.php\/wp-json\/wp\/v2\/pages\/70\/revisions\/214"}],"wp:attachment":[{"href":"https:\/\/www.follabeilles.fr\/index.php\/wp-json\/wp\/v2\/media?parent=70"}],"curies":[{"name":"wp","href":"https:\/\/api.w.org\/{rel}","templated":true}]}}