{"id":18,"date":"2025-06-17T09:54:55","date_gmt":"2025-06-17T07:54:55","guid":{"rendered":"http:\/\/follabeilles.fr\/?page_id=18"},"modified":"2025-12-17T20:48:30","modified_gmt":"2025-12-17T19:48:30","slug":"bonjour","status":"publish","type":"page","link":"https:\/\/www.follabeilles.fr\/","title":{"rendered":"bonjour"},"content":{"rendered":"\n<div class=\"wp-block-cover alignfull is-light\" style=\"min-height:778px;aspect-ratio:unset;\"><video class=\"wp-block-cover__video-background intrinsic-ignore\" autoplay muted loop playsinline src=\"https:\/\/www.follabeilles.fr\/wp-content\/uploads\/2025\/09\/Follabeilles-vue-du-ciel-01.mov\" data-object-fit=\"cover\"><\/video><span aria-hidden=\"true\" class=\"wp-block-cover__background has-foreground-background-color has-background-dim-30 has-background-dim\"><\/span><div class=\"wp-block-cover__inner-container has-global-padding is-layout-constrained wp-block-cover-is-layout-constrained\">\n<p class=\"has-text-align-center has-white-color has-text-color has-large-font-size\" style=\"font-style:normal;font-weight:900;line-height:1.2\">Foll&rsquo;abeilles, <br>une parenth\u00e8se en <strong>C\u00e9vennes<\/strong>\u2026<\/p>\n<\/div><\/div>\n\n\n\n<div id=\"services\" class=\"wp-block-group alignfull pattern_multiple_covers has-background has-global-padding is-layout-constrained wp-block-group-is-layout-constrained\">\n<div style=\"height:53px\" aria-hidden=\"true\" class=\"wp-block-spacer\"><\/div>\n\n\n\n<h1 class=\"wp-block-heading has-text-align-left has-lightgrey-color has-text-color\">Une aventure gourmande<\/h1>\n\n\n\n<p class=\"has-text-align-left\">Claire est apicultrice et productrice de ch\u00e2taignes depuis vingt ans. Alain en a pass\u00e9 quinze \u00e0 confectionner des repas pour ses tables d&rsquo;h\u00f4tes \u00e0 partir des l\u00e9gumes de son potager.<\/p>\n\n\n\n<p>Une heureuse rencontre et une installation au Follaquier (Saint Andr\u00e9 de Valborgne, Hautes C\u00e9vennes Gardoises) ont permis la cr\u00e9ation d&rsquo;une nouvelle aventure gourmande, avec la mise en commun de leurs savoir-faire respectifs.<\/p>\n\n\n\n<p class=\"has-text-align-left\">Ils vous proposent d\u00e9sormais une large gamme de produits transform\u00e9s avec soin \u00e0 partir de leurs miels et ch\u00e2taignes, une cuisine authentique pour vos manifestations ainsi que de l&rsquo;accueil dans leurs logements insolites.<\/p>\n\n\n\n<div style=\"height:69px\" aria-hidden=\"true\" class=\"wp-block-spacer\"><\/div>\n\n\n\n<div class=\"wp-block-columns is-layout-flex wp-container-core-columns-is-layout-28f84493 wp-block-columns-is-layout-flex\">\n<div class=\"wp-block-column is-layout-flow wp-block-column-is-layout-flow\" style=\"padding-top:0;padding-right:0;padding-bottom:0;padding-left:0\">\n<h3 class=\"wp-block-heading\"><a href=\"https:\/\/www.follabeilles.fr\/index.php\/miels-etgourmandises\/\">Miels &amp; gourmandises<\/a><\/h3>\n\n\n\n<figure class=\"wp-block-image size-full has-custom-border is-style-default\"><a href=\"https:\/\/www.follabeilles.fr\/index.php\/miels-etgourmandises\/\"><img loading=\"lazy\" decoding=\"async\" width=\"800\" height=\"800\" src=\"http:\/\/follabe.cluster021.hosting.ovh.net\/wp-content\/uploads\/2025\/06\/02Follabeilles_miel-f.jpg\" alt=\"\" class=\"wp-image-85\" style=\"border-radius:10px;aspect-ratio:1;object-fit:cover\" srcset=\"https:\/\/www.follabeilles.fr\/wp-content\/uploads\/2025\/06\/02Follabeilles_miel-f.jpg 800w, https:\/\/www.follabeilles.fr\/wp-content\/uploads\/2025\/06\/02Follabeilles_miel-f-300x300.jpg 300w, https:\/\/www.follabeilles.fr\/wp-content\/uploads\/2025\/06\/02Follabeilles_miel-f-150x150.jpg 150w\" sizes=\"auto, (max-width: 800px) 100vw, 800px\" \/><\/a><\/figure>\n\n\n\n<div class=\"wp-block-buttons is-layout-flex wp-block-buttons-is-layout-flex\">\n<div class=\"wp-block-button is-style-outline is-style-outline--1\"><a class=\"wp-block-button__link wp-element-button\" href=\"https:\/\/www.follabeilles.fr\/index.php\/miels-etgourmandises\/\">d\u00e9couvrir nos gourmandises<\/a><\/div>\n<\/div>\n\n\n\n<div style=\"height:80px\" aria-hidden=\"true\" class=\"wp-block-spacer\"><\/div>\n<\/div>\n\n\n\n<div class=\"wp-block-column is-layout-flow wp-block-column-is-layout-flow\" style=\"padding-top:0;padding-right:0;padding-bottom:0;padding-left:0\">\n<h3 class=\"wp-block-heading\"><a href=\"https:\/\/www.follabeilles.fr\/index.php\/logements-insolites\/\">Logements insolites<\/a><\/h3>\n\n\n\n<figure class=\"wp-block-image size-full has-custom-border is-style-default\"><a href=\"https:\/\/www.follabeilles.fr\/index.php\/logements-insolites\/\"><img loading=\"lazy\" decoding=\"async\" width=\"2365\" height=\"1771\" src=\"http:\/\/follabe.cluster021.hosting.ovh.net\/wp-content\/uploads\/2025\/06\/Capture-decran-2025-06-11-a-15.18.55-copie.jpg\" alt=\"\" class=\"wp-image-114\" style=\"border-radius:10px;aspect-ratio:1;object-fit:cover\" srcset=\"https:\/\/www.follabeilles.fr\/wp-content\/uploads\/2025\/06\/Capture-decran-2025-06-11-a-15.18.55-copie.jpg 2365w, https:\/\/www.follabeilles.fr\/wp-content\/uploads\/2025\/06\/Capture-decran-2025-06-11-a-15.18.55-copie-300x225.jpg 300w, https:\/\/www.follabeilles.fr\/wp-content\/uploads\/2025\/06\/Capture-decran-2025-06-11-a-15.18.55-copie-1024x767.jpg 1024w, https:\/\/www.follabeilles.fr\/wp-content\/uploads\/2025\/06\/Capture-decran-2025-06-11-a-15.18.55-copie-2000x1498.jpg 2000w\" sizes=\"auto, (max-width: 2365px) 100vw, 2365px\" \/><\/a><\/figure>\n\n\n\n<div class=\"wp-block-buttons is-layout-flex wp-block-buttons-is-layout-flex\">\n<div class=\"wp-block-button is-style-outline is-style-outline--2\"><a class=\"wp-block-button__link wp-element-button\" href=\"https:\/\/www.follabeilles.fr\/index.php\/logements-insolites\/\">d\u00e9couvrir nos logements<\/a><\/div>\n<\/div>\n\n\n\n<div style=\"height:80px\" aria-hidden=\"true\" class=\"wp-block-spacer\"><\/div>\n<\/div>\n\n\n\n<div class=\"wp-block-column is-layout-flow wp-block-column-is-layout-flow\" style=\"padding-top:0;padding-right:0;padding-bottom:0;padding-left:0\">\n<h3 class=\"wp-block-heading\"><a href=\"https:\/\/www.follabeilles.fr\/index.php\/traiteur\/\">Service traiteur<\/a><\/h3>\n\n\n\n<figure class=\"wp-block-image size-full has-custom-border is-style-default\"><a href=\"https:\/\/www.follabeilles.fr\/index.php\/traiteur\/\"><img loading=\"lazy\" decoding=\"async\" width=\"1920\" height=\"2560\" src=\"http:\/\/follabe.cluster021.hosting.ovh.net\/wp-content\/uploads\/2025\/06\/WhatsApp-Image-2025-06-11-at-14.53.09-1-scaled.jpeg\" alt=\"\" class=\"wp-image-144\" style=\"border-radius:10px;aspect-ratio:1;object-fit:cover\" srcset=\"https:\/\/www.follabeilles.fr\/wp-content\/uploads\/2025\/06\/WhatsApp-Image-2025-06-11-at-14.53.09-1-scaled.jpeg 1920w, https:\/\/www.follabeilles.fr\/wp-content\/uploads\/2025\/06\/WhatsApp-Image-2025-06-11-at-14.53.09-1-225x300.jpeg 225w, https:\/\/www.follabeilles.fr\/wp-content\/uploads\/2025\/06\/WhatsApp-Image-2025-06-11-at-14.53.09-1-768x1024.jpeg 768w, https:\/\/www.follabeilles.fr\/wp-content\/uploads\/2025\/06\/WhatsApp-Image-2025-06-11-at-14.53.09-1-2000x2667.jpeg 2000w\" sizes=\"auto, (max-width: 1920px) 100vw, 1920px\" \/><\/a><\/figure>\n\n\n\n<div class=\"wp-block-buttons is-layout-flex wp-block-buttons-is-layout-flex\">\n<div class=\"wp-block-button is-style-outline is-style-outline--3\"><a class=\"wp-block-button__link wp-element-button\" href=\"https:\/\/www.follabeilles.fr\/index.php\/traiteur\/\">d\u00e9couvrir notre service traiteur<\/a><\/div>\n<\/div>\n\n\n\n<div style=\"height:80px\" aria-hidden=\"true\" class=\"wp-block-spacer\"><\/div>\n<\/div>\n<\/div>\n<\/div>\n\n\n\n<div class=\"wp-block-group alignfull has-global-padding is-layout-constrained wp-block-group-is-layout-constrained\">\n<div class=\"wp-block-group has-global-padding is-layout-constrained wp-block-group-is-layout-constrained\" style=\"padding-top:var(--wp--preset--spacing--small);padding-bottom:var(--wp--preset--spacing--small)\">\n<div style=\"height:30px\" aria-hidden=\"true\" class=\"wp-block-spacer\"><\/div>\n\n\n\n<div class=\"wp-block-columns is-layout-flex wp-container-core-columns-is-layout-c375d253 wp-block-columns-is-layout-flex\">\n<div class=\"wp-block-column is-vertically-aligned-center is-layout-flow wp-block-column-is-layout-flow\">\n<h1 class=\"wp-block-heading\">Claire &amp; Alain<\/h1>\n\n\n\n<p>C&rsquo;est dans un \u00e9crin de verdure au c\u0153ur des C\u00e9vennes que Claire, Alain et leurs enfants ont pos\u00e9 leurs valises. Ils ont construit leur nid, une yourte autonome en eau et en \u00e9lectricit\u00e9, am\u00e9nag\u00e9 un parc pour leurs chevaux, cultiv\u00e9 un potager, fabriqu\u00e9 un poulailler. Leur vie, comme la nature est rythm\u00e9e par les saisons.<br><\/p>\n<\/div>\n\n\n\n<div class=\"wp-block-column is-layout-flow wp-block-column-is-layout-flow\">\n<figure class=\"wp-block-image size-large\"><img loading=\"lazy\" decoding=\"async\" width=\"1024\" height=\"768\" src=\"http:\/\/follabe.cluster021.hosting.ovh.net\/wp-content\/uploads\/2025\/07\/portrait-Claire-et-Alain-Follabeille-1024x768.jpg\" alt=\"\" class=\"wp-image-229\" srcset=\"https:\/\/www.follabeilles.fr\/wp-content\/uploads\/2025\/07\/portrait-Claire-et-Alain-Follabeille-1024x768.jpg 1024w, https:\/\/www.follabeilles.fr\/wp-content\/uploads\/2025\/07\/portrait-Claire-et-Alain-Follabeille-300x225.jpg 300w, https:\/\/www.follabeilles.fr\/wp-content\/uploads\/2025\/07\/portrait-Claire-et-Alain-Follabeille-2000x1500.jpg 2000w, https:\/\/www.follabeilles.fr\/wp-content\/uploads\/2025\/07\/portrait-Claire-et-Alain-Follabeille.jpg 2016w\" sizes=\"auto, (max-width: 1024px) 100vw, 1024px\" \/><\/figure>\n<\/div>\n<\/div>\n\n\n\n<div style=\"height:30px\" aria-hidden=\"true\" class=\"wp-block-spacer\"><\/div>\n<\/div>\n<\/div>\n\n\n\n<div class=\"wp-block-group alignfull has-background has-global-padding is-layout-constrained wp-block-group-is-layout-constrained\">\n<div class=\"wp-block-group has-global-padding is-layout-constrained wp-block-group-is-layout-constrained\" style=\"padding-top:var(--wp--preset--spacing--small);padding-bottom:var(--wp--preset--spacing--small)\">\n<div style=\"height:30px\" aria-hidden=\"true\" class=\"wp-block-spacer\"><\/div>\n\n\n\n<div class=\"wp-block-columns are-vertically-aligned-center is-layout-flex wp-container-core-columns-is-layout-c375d253 wp-block-columns-is-layout-flex\">\n<div class=\"wp-block-column is-vertically-aligned-center is-layout-flow wp-block-column-is-layout-flow\">\n<figure class=\"wp-block-image size-large\"><img loading=\"lazy\" decoding=\"async\" width=\"1024\" height=\"576\" src=\"http:\/\/follabe.cluster021.hosting.ovh.net\/wp-content\/uploads\/2025\/06\/dji_fly_20250620_113532_117_1750414721610_photo_optimized-2-small-1024x576.jpg\" alt=\"\" class=\"wp-image-171\" srcset=\"https:\/\/www.follabeilles.fr\/wp-content\/uploads\/2025\/06\/dji_fly_20250620_113532_117_1750414721610_photo_optimized-2-small-1024x576.jpg 1024w, https:\/\/www.follabeilles.fr\/wp-content\/uploads\/2025\/06\/dji_fly_20250620_113532_117_1750414721610_photo_optimized-2-small-300x169.jpg 300w, https:\/\/www.follabeilles.fr\/wp-content\/uploads\/2025\/06\/dji_fly_20250620_113532_117_1750414721610_photo_optimized-2-small.jpg 2000w\" sizes=\"auto, (max-width: 1024px) 100vw, 1024px\" \/><\/figure>\n<\/div>\n\n\n\n<div class=\"wp-block-column is-vertically-aligned-center is-layout-flow wp-block-column-is-layout-flow\">\n<h1 class=\"wp-block-heading\">Les C\u00e9vennes<\/h1>\n\n\n\n<p>Des espaces naturels immenses et pr\u00e9serv\u00e9s, entre Loz\u00e8re, Gard et Ard\u00e8che.<br>Le Parc national des C\u00e9vennes, une r\u00e9serve mondiale de biosph\u00e8re et plus grande r\u00e9serve internationale de ciel \u00e9toil\u00e9 d&rsquo;Europe.<br>&nbsp;Le spectaculaire ensemble \u00ab\u00a0Gorges du Tarn, Gorges de la Jonte, Causses et Vall\u00e9es C\u00e9venoles\u00a0\u00bb.<br>L\u2019agropastoralisme des Causses et C\u00e9vennes, inscrit au Patrimoine mondial par l\u2019UNESCO.<br>Les g\u00e9osites des C\u00e9vennes d\u2019Ard\u00e8che, labellis\u00e9s G\u00e9oparc Mondial UNESCO.<\/p>\n<\/div>\n<\/div>\n\n\n\n<div style=\"height:30px\" aria-hidden=\"true\" class=\"wp-block-spacer\"><\/div>\n<\/div>\n<\/div>\n\n\n\n<div class=\"wp-block-cover alignwide is-light\"><img loading=\"lazy\" decoding=\"async\" width=\"1024\" height=\"576\" class=\"wp-block-cover__image-background wp-image-172 size-large\" alt=\"\" src=\"http:\/\/follabe.cluster021.hosting.ovh.net\/wp-content\/uploads\/2025\/06\/dji_fly_20250620_113544_119_1750414716273_photo_optimized-2-small-1024x576.jpg\" style=\"object-position:57% 28%\" data-object-fit=\"cover\" data-object-position=\"57% 28%\" srcset=\"https:\/\/www.follabeilles.fr\/wp-content\/uploads\/2025\/06\/dji_fly_20250620_113544_119_1750414716273_photo_optimized-2-small-1024x576.jpg 1024w, https:\/\/www.follabeilles.fr\/wp-content\/uploads\/2025\/06\/dji_fly_20250620_113544_119_1750414716273_photo_optimized-2-small-300x169.jpg 300w, https:\/\/www.follabeilles.fr\/wp-content\/uploads\/2025\/06\/dji_fly_20250620_113544_119_1750414716273_photo_optimized-2-small.jpg 2000w\" sizes=\"auto, (max-width: 1024px) 100vw, 1024px\" \/><span aria-hidden=\"true\" class=\"wp-block-cover__background has-background-dim-0 has-background-dim\"><\/span><div class=\"wp-block-cover__inner-container is-layout-flow wp-block-cover-is-layout-flow\">\n<p class=\"has-text-align-center has-large-font-size\"><\/p>\n<\/div><\/div>\n","protected":false},"excerpt":{"rendered":"<p>Une aventure gourmande Claire est apicultrice et productrice de ch\u00e2taignes depuis vingt ans. Alain en a pass\u00e9 quinze \u00e0 confectionner des repas pour ses tables d&rsquo;h\u00f4tes \u00e0 partir des l\u00e9gumes de son potager. Une heureuse rencontre et une installation au Follaquier (Saint Andr\u00e9 de Valborgne, Hautes C\u00e9vennes Gardoises) ont permis la cr\u00e9ation d&rsquo;une nouvelle aventure &hellip; <\/p>\n<p class=\"link-more\"><a href=\"https:\/\/www.follabeilles.fr\/\" class=\"more-link\">Lire la suite de<span class=\"screen-reader-text\">\u00ab\u00a0bonjour\u00a0\u00bb<\/span><\/a><\/p>\n","protected":false},"author":1,"featured_media":0,"parent":0,"menu_order":0,"comment_status":"closed","ping_status":"closed","template":"page-templates\/full-width-no-title.php","meta":{"footnotes":""},"class_list":["post-18","page","type-page","status-publish","hentry"],"_links":{"self":[{"href":"https:\/\/www.follabeilles.fr\/index.php\/wp-json\/wp\/v2\/pages\/18","targetHints":{"allow":["GET"]}}],"collection":[{"href":"https:\/\/www.follabeilles.fr\/index.php\/wp-json\/wp\/v2\/pages"}],"about":[{"href":"https:\/\/www.follabeilles.fr\/index.php\/wp-json\/wp\/v2\/types\/page"}],"author":[{"embeddable":true,"href":"https:\/\/www.follabeilles.fr\/index.php\/wp-json\/wp\/v2\/users\/1"}],"replies":[{"embeddable":true,"href":"https:\/\/www.follabeilles.fr\/index.php\/wp-json\/wp\/v2\/comments?post=18"}],"version-history":[{"count":35,"href":"https:\/\/www.follabeilles.fr\/index.php\/wp-json\/wp\/v2\/pages\/18\/revisions"}],"predecessor-version":[{"id":242,"href":"https:\/\/www.follabeilles.fr\/index.php\/wp-json\/wp\/v2\/pages\/18\/revisions\/242"}],"wp:attachment":[{"href":"https:\/\/www.follabeilles.fr\/index.php\/wp-json\/wp\/v2\/media?parent=18"}],"curies":[{"name":"wp","href":"https:\/\/api.w.org\/{rel}","templated":true}]}}